{"id":16933,"date":"2020-09-11T15:56:41","date_gmt":"2020-09-11T18:56:41","guid":{"rendered":"http:\/\/protonagro.com.br\/home\/?post_type=product&#038;p=16933"},"modified":"2020-10-23T12:54:22","modified_gmt":"2020-10-23T15:54:22","slug":"zeafull","status":"publish","type":"product","link":"http:\/\/protonagro.com.br\/home\/product\/zeafull\/","title":{"rendered":"ZEAFULL"},"content":{"rendered":"<div class=\"vgblk-rw-wrapper limit-wrapper\"><strong>Indica\u00e7\u00e3o de uso:<\/strong><br \/>\nAplicar em dose \u00fanica aos 40 dias DAE, podendo ser alterada conforme o tipo de manejo, de acordo com orienta\u00e7\u00e3o t\u00e9cnica. Recomenda &#8211; se o uso conjunto do adjuvante TENSONIL na dose recomendada pelo fabricante.<\/p>\n<p><strong>Dosagem:<\/strong><br \/>\n<strong>De<\/strong>: 1,0 a 1,5 lts p \/ ha.<br \/>\n<strong>Ph<\/strong> \u2013 5,00<br \/>\n<strong>Densidade<\/strong>: 1,30 g\/cm3<\/div>\n<p><!-- .vgblk-rw-wrapper --><\/p>\n","protected":false},"excerpt":{"rendered":"<p>Produto mineral misto de formula\u00e7\u00e3o equilibrada enriquecida com \u00e1cido carbox\u00edlico.<br \/>\nEspecialmente indicado para a cultura do MILHO.<br \/>\n&#8211; Produto nutricional com formula equilibrada, age como precursor enzim\u00e1tico no metabolismo da planta C4 contribuindo em sua manuten\u00e7\u00e3o homeost\u00e1tica, permitindo dessa maneira a conclus\u00e3o do seu ciclo vegetativo, expressando maior vigor e potencial produtivo.<br \/>\n&#8211; Interfere ainda na rusticidade da planta, conferindo a mesma maior toler\u00e2ncia a intemp\u00e9ries e demais injurias de consequ\u00eancias bi\u00f3ticas e abi\u00f3ticas.<\/p>\n","protected":false},"featured_media":17011,"comment_status":"closed","ping_status":"closed","template":"","meta":{"inline_featured_image":false},"_links":{"self":[{"href":"http:\/\/protonagro.com.br\/home\/wp-json\/wp\/v2\/product\/16933"}],"collection":[{"href":"http:\/\/protonagro.com.br\/home\/wp-json\/wp\/v2\/product"}],"about":[{"href":"http:\/\/protonagro.com.br\/home\/wp-json\/wp\/v2\/types\/product"}],"replies":[{"embeddable":true,"href":"http:\/\/protonagro.com.br\/home\/wp-json\/wp\/v2\/comments?post=16933"}],"wp:featuredmedia":[{"embeddable":true,"href":"http:\/\/protonagro.com.br\/home\/wp-json\/wp\/v2\/media\/17011"}],"wp:attachment":[{"href":"http:\/\/protonagro.com.br\/home\/wp-json\/wp\/v2\/media?parent=16933"}],"curies":[{"name":"wp","href":"https:\/\/api.w.org\/{rel}","templated":true}]}}