{"id":16919,"date":"2020-09-11T15:33:04","date_gmt":"2020-09-11T18:33:04","guid":{"rendered":"http:\/\/protonagro.com.br\/home\/?post_type=product&#038;p=16919"},"modified":"2020-10-23T12:56:28","modified_gmt":"2020-10-23T15:56:28","slug":"aliado","status":"publish","type":"product","link":"http:\/\/protonagro.com.br\/home\/product\/aliado\/","title":{"rendered":"ALIADO"},"content":{"rendered":"<div class=\"vgblk-rw-wrapper limit-wrapper\"><strong>Benef\u00edcios<\/strong><br \/>\n\u2981 Nutri\u00e7\u00e3o e produtividade<br \/>\n\u2981 Total solubilidade e absor\u00e7\u00e3o<br \/>\n\u2981 Micronutrientes e amino\u00e1cidos essenciais<br \/>\n\u2981 F\u00e1cil manuseio<br \/>\n\u2981 Excelente rela\u00e7\u00e3o Custo x Benef\u00edcio<\/p>\n<p><strong>Indica\u00e7\u00f5es de Uso<\/strong><br \/>\nO produto \u00e9 indicado para uso agr\u00edcola em diversas culturas em aplica\u00e7\u00f5es foliares e posicionado de acordo com a necessidade individual de cada cultura. Pode ser aplicado isoladamente ou em misturas, verificando antecipadamente se h\u00e1 incompatibilidades com outros produtos, atrav\u00e9s de pr\u00e9-misturas.<\/p>\n<p><strong>Especifica\u00e7\u00f5es T\u00e9cnicas<\/strong><br \/>\nNatureza f\u00edsica: Flu\u00eddo suspens\u00e3o homog\u00eanea<br \/>\nDensidade: 1,20 g\/cm\u00b3<\/div>\n<p><!-- .vgblk-rw-wrapper --><\/p>\n","protected":false},"excerpt":{"rendered":"<p><strong>&#8211; O ALIADO \u00e9 um fertilizante mineral misto, elaborado com micronutrientes<\/strong><br \/>\n<strong>enriquecido com amino\u00e1cidos essenciais visando uma nutri\u00e7\u00e3o equilibrada, melhor<\/strong><br \/>\n<strong>desempenho gen\u00e9tico.<\/strong><br \/>\n<strong>Formulado com mat\u00e9rias-primas selecionadas que possibilitam total solubilidade e<\/strong><br \/>\n<strong>absor\u00e7\u00e3o pela planta.<\/strong><br \/>\n<strong>Indicado para diversas culturas, conferindo \u00e0s mesmas, maior express\u00e3o produtiva e<\/strong><br \/>\n<strong>rusticidade.<\/strong><\/p>\n","protected":false},"featured_media":17003,"comment_status":"closed","ping_status":"closed","template":"","meta":{"inline_featured_image":false},"_links":{"self":[{"href":"http:\/\/protonagro.com.br\/home\/wp-json\/wp\/v2\/product\/16919"}],"collection":[{"href":"http:\/\/protonagro.com.br\/home\/wp-json\/wp\/v2\/product"}],"about":[{"href":"http:\/\/protonagro.com.br\/home\/wp-json\/wp\/v2\/types\/product"}],"replies":[{"embeddable":true,"href":"http:\/\/protonagro.com.br\/home\/wp-json\/wp\/v2\/comments?post=16919"}],"wp:featuredmedia":[{"embeddable":true,"href":"http:\/\/protonagro.com.br\/home\/wp-json\/wp\/v2\/media\/17003"}],"wp:attachment":[{"href":"http:\/\/protonagro.com.br\/home\/wp-json\/wp\/v2\/media?parent=16919"}],"curies":[{"name":"wp","href":"https:\/\/api.w.org\/{rel}","templated":true}]}}